{"id":3437,"date":"2021-05-19T17:13:53","date_gmt":"2021-05-19T22:13:53","guid":{"rendered":"https:\/\/web2.summerhillschool.edu.co\/?page_id=3437"},"modified":"2025-10-28T12:01:34","modified_gmt":"2025-10-28T17:01:34","slug":"transicion","status":"publish","type":"page","link":"https:\/\/summerhillschool.edu.co\/index.php\/transicion\/","title":{"rendered":"Transici\u00f3n"},"content":{"rendered":"\t\t<div data-elementor-type=\"wp-page\" data-elementor-id=\"3437\" class=\"elementor elementor-3437\" data-elementor-post-type=\"page\">\n\t\t\t\t\t\t<section class=\"elementor-section elementor-top-section elementor-element elementor-element-7065bc43 elementor-section-full_width elementor-section-height-default elementor-section-height-default\" data-id=\"7065bc43\" data-element_type=\"section\" data-e-type=\"section\" data-settings=\"{&quot;background_background&quot;:&quot;gradient&quot;}\">\n\t\t\t\t\t\t\t<div class=\"elementor-background-overlay\"><\/div>\n\t\t\t\t\t\t\t<div class=\"elementor-container elementor-column-gap-default\">\n\t\t\t\t\t<div class=\"elementor-column elementor-col-100 elementor-top-column elementor-element elementor-element-40db81dd\" data-id=\"40db81dd\" data-element_type=\"column\" data-e-type=\"column\">\n\t\t\t<div class=\"elementor-widget-wrap elementor-element-populated\">\n\t\t\t\t\t\t<div class=\"elementor-element elementor-element-1b1df07 elementor-widget elementor-widget-text-editor\" data-id=\"1b1df07\" data-element_type=\"widget\" data-e-type=\"widget\" data-widget_type=\"text-editor.default\">\n\t\t\t\t<div class=\"elementor-widget-container\">\n\t\t\t\t\t\t\t\t\t<p style=\"text-align: center;\"><strong><a href=\"https:\/\/summerhillschool.edu.co\/wp-content\/uploads\/unidades\/3transicion\/ARTE -TR.pdf\" data-wplink-url-error=\"true\"><span style=\"font-family: 'Trebuchet MS', Geneva;\">ARTE<\/span><\/a><\/strong><\/p><p style=\"text-align: center;\"><strong><a href=\"https:\/\/summerhillschool.edu.co\/wp-content\/uploads\/unidades\/3transicion\/ORALIDAD- TRANSICION.pdf\" data-wplink-url-error=\"true\"><span style=\"font-family: 'Trebuchet MS', Geneva;\">COMPRENSI\u00d3N LECTORA<\/span><\/a><\/strong><\/p><p style=\"text-align: center;\"><strong><a href=\"https:\/\/summerhillschool.edu.co\/wp-content\/uploads\/unidades\/3transicion\/DANZAS- Transicion.pdf\" data-wplink-url-error=\"true\"><span style=\"font-family: 'Trebuchet MS', Geneva;\">DANZAS<\/span><\/a><\/strong><\/p><p style=\"text-align: center;\"><strong><a href=\"https:\/\/summerhillschool.edu.co\/wp-content\/uploads\/unidades\/3transicion\/ED.FISICA- Transicion.pdf\" data-wplink-url-error=\"true\"><span style=\"font-family: 'Trebuchet MS', Geneva;\">ED-F\u00cdSICA<\/span><\/a><\/strong><\/p><p style=\"text-align: center;\"><strong><a href=\"https:\/\/summerhillschool.edu.co\/wp-content\/uploads\/unidades\/3transicion\/ENGLISH- TRANSITION.pdf\" data-wplink-url-error=\"true\"><span style=\"font-family: 'Trebuchet MS', Geneva;\">ENGLISH<\/span><\/a><\/strong><\/p><p style=\"text-align: center;\"><strong><a href=\"https:\/\/summerhillschool.edu.co\/wp-content\/uploads\/unidades\/3transicion\/INFORMATICA- Transicion.pdf\" data-wplink-url-error=\"true\"><span style=\"font-family: 'Trebuchet MS', Geneva;\">INFORM\u00c1TICA<\/span><\/a><\/strong><\/p><p style=\"text-align: center;\"><strong><a href=\"https:\/\/summerhillschool.edu.co\/wp-content\/uploads\/unidades\/3transicion\/LENGUAJE- TRANSICION.pdf\" data-wplink-url-error=\"true\"><span style=\"font-family: 'Trebuchet MS', Geneva;\">ESPA\u00d1OL<\/span><\/a><\/strong><\/p><p style=\"text-align: center;\"><strong><a href=\"https:\/\/summerhillschool.edu.co\/wp-content\/uploads\/unidades\/3transicion\/MATH- TRANSITION.pdf\" data-wplink-url-error=\"true\"><span style=\"font-family: 'Trebuchet MS', Geneva;\">MATH<\/span><\/a><\/strong><\/p><p style=\"text-align: center;\"><strong><a href=\"https:\/\/summerhillschool.edu.co\/wp-content\/uploads\/unidades\/3transicion\/MUSICA- TRANSICION.pdf\" data-wplink-url-error=\"true\"><span style=\"font-family: 'Trebuchet MS', Geneva;\">M\u00daSICA<\/span><\/a><\/strong><\/p><p style=\"text-align: center;\"><strong><a href=\"https:\/\/summerhillschool.edu.co\/wp-content\/uploads\/unidades\/3transicion\/PDH -Transicion.pdf\" data-wplink-url-error=\"true\"><span style=\"font-family: 'Trebuchet MS', Geneva;\">PDH<\/span><\/a><\/strong><\/p><p style=\"text-align: center;\"><strong><a href=\"https:\/\/summerhillschool.edu.co\/wp-content\/uploads\/unidades\/3transicion\/SCIENCE AND SOCIAL- TRANSITION.pdf\" data-wplink-url-error=\"true\"><span style=\"font-family: 'Trebuchet MS', Geneva;\">SCIENCE AND-SOCIAL<\/span><\/a><\/strong><\/p><p style=\"text-align: center;\"><strong><a href=\"https:\/\/summerhillschool.edu.co\/wp-content\/uploads\/unidades\/3transicion\/STORY TIME- Transition.pdf\" data-wplink-url-error=\"true\"><span style=\"font-family: 'Trebuchet MS', Geneva;\">STORY TELLING<\/span><\/a><\/strong><\/p><p style=\"text-align: center;\"><strong><a href=\"https:\/\/summerhillschool.edu.co\/wp-content\/uploads\/unidades\/1prekinder\/FRANCES.pdf\">FRANC\u00c9S<\/a><\/strong><\/p>\t\t\t\t\t\t\t\t<\/div>\n\t\t\t\t<\/div>\n\t\t\t\t\t<\/div>\n\t\t<\/div>\n\t\t\t\t\t<\/div>\n\t\t<\/section>\n\t\t\t\t<\/div>\n\t\t","protected":false},"excerpt":{"rendered":"<p>ARTE COMPRENSI\u00d3N LECTORA DANZAS ED-F\u00cdSICA ENGLISH INFORM\u00c1TICA ESPA\u00d1OL MATH M\u00daSICA PDH SCIENCE AND-SOCIAL STORY TELLING FRANC\u00c9S<\/p>\n","protected":false},"author":5,"featured_media":0,"parent":0,"menu_order":0,"comment_status":"closed","ping_status":"closed","template":"page-templates\/fullwidth-template.php","meta":{"footnotes":""},"class_list":["post-3437","page","type-page","status-publish","hentry"],"_links":{"self":[{"href":"https:\/\/summerhillschool.edu.co\/index.php\/wp-json\/wp\/v2\/pages\/3437","targetHints":{"allow":["GET"]}}],"collection":[{"href":"https:\/\/summerhillschool.edu.co\/index.php\/wp-json\/wp\/v2\/pages"}],"about":[{"href":"https:\/\/summerhillschool.edu.co\/index.php\/wp-json\/wp\/v2\/types\/page"}],"author":[{"embeddable":true,"href":"https:\/\/summerhillschool.edu.co\/index.php\/wp-json\/wp\/v2\/users\/5"}],"replies":[{"embeddable":true,"href":"https:\/\/summerhillschool.edu.co\/index.php\/wp-json\/wp\/v2\/comments?post=3437"}],"version-history":[{"count":0,"href":"https:\/\/summerhillschool.edu.co\/index.php\/wp-json\/wp\/v2\/pages\/3437\/revisions"}],"wp:attachment":[{"href":"https:\/\/summerhillschool.edu.co\/index.php\/wp-json\/wp\/v2\/media?parent=3437"}],"curies":[{"name":"wp","href":"https:\/\/api.w.org\/{rel}","templated":true}]}}