{"id":2580,"date":"2016-02-06T09:53:42","date_gmt":"2016-02-06T09:53:42","guid":{"rendered":"http:\/\/www.anarieldesign.com\/themedemos\/pena\/?page_id=15"},"modified":"2023-06-14T20:18:04","modified_gmt":"2023-06-15T01:18:04","slug":"quienes-somos","status":"publish","type":"page","link":"https:\/\/summerhillschool.edu.co\/index.php\/quienes-somos\/","title":{"rendered":"Qui\u00e9nes Somos"},"content":{"rendered":"\t\t<div data-elementor-type=\"wp-page\" data-elementor-id=\"2580\" class=\"elementor elementor-2580\" data-elementor-post-type=\"page\">\n\t\t\t\t\t\t<section class=\"elementor-section elementor-top-section elementor-element elementor-element-e9f5390 elementor-section-boxed elementor-section-height-default elementor-section-height-default\" data-id=\"e9f5390\" data-element_type=\"section\" data-e-type=\"section\">\n\t\t\t\t\t\t<div class=\"elementor-container elementor-column-gap-default\">\n\t\t\t\t\t<div class=\"elementor-column elementor-col-100 elementor-top-column elementor-element elementor-element-ca97daa\" data-id=\"ca97daa\" data-element_type=\"column\" data-e-type=\"column\">\n\t\t\t<div class=\"elementor-widget-wrap\">\n\t\t\t\t\t\t\t<\/div>\n\t\t<\/div>\n\t\t\t\t\t<\/div>\n\t\t<\/section>\n\t\t\t\t<section class=\"elementor-section elementor-top-section elementor-element elementor-element-f9d961f elementor-section-boxed elementor-section-height-default elementor-section-height-default\" data-id=\"f9d961f\" data-element_type=\"section\" data-e-type=\"section\">\n\t\t\t\t\t\t<div class=\"elementor-container elementor-column-gap-default\">\n\t\t\t\t\t<div class=\"elementor-column elementor-col-100 elementor-top-column elementor-element elementor-element-40df062e\" data-id=\"40df062e\" data-element_type=\"column\" data-e-type=\"column\">\n\t\t\t<div class=\"elementor-widget-wrap elementor-element-populated\">\n\t\t\t\t\t\t<div class=\"elementor-element elementor-element-134d20d elementor-widget elementor-widget-spacer\" data-id=\"134d20d\" data-element_type=\"widget\" data-e-type=\"widget\" data-widget_type=\"spacer.default\">\n\t\t\t\t<div class=\"elementor-widget-container\">\n\t\t\t\t\t\t\t<div class=\"elementor-spacer\">\n\t\t\t<div class=\"elementor-spacer-inner\"><\/div>\n\t\t<\/div>\n\t\t\t\t\t\t<\/div>\n\t\t\t\t<\/div>\n\t\t\t\t<div class=\"elementor-element elementor-element-d32c253 elementor-headline--style-highlight elementor-widget elementor-widget-animated-headline\" data-id=\"d32c253\" data-element_type=\"widget\" data-e-type=\"widget\" data-settings=\"{&quot;highlighted_text&quot;:&quot;SOMOS&quot;,&quot;headline_style&quot;:&quot;highlight&quot;,&quot;marker&quot;:&quot;circle&quot;,&quot;loop&quot;:&quot;yes&quot;,&quot;highlight_animation_duration&quot;:1200,&quot;highlight_iteration_delay&quot;:8000}\" data-widget_type=\"animated-headline.default\">\n\t\t\t\t<div class=\"elementor-widget-container\">\n\t\t\t\t\t\t\t<h3 class=\"elementor-headline\">\n\t\t\t\t\t<span class=\"elementor-headline-plain-text elementor-headline-text-wrapper\">QUI\u00c9NES<\/span>\n\t\t\t\t<span class=\"elementor-headline-dynamic-wrapper elementor-headline-text-wrapper\">\n\t\t\t\t\t<span class=\"elementor-headline-dynamic-text elementor-headline-text-active\">SOMOS<\/span>\n\t\t\t\t<\/span>\n\t\t\t\t<\/h3>\n\t\t\t\t\t\t<\/div>\n\t\t\t\t<\/div>\n\t\t\t\t<div class=\"elementor-element elementor-element-73e93945 elementor-widget elementor-widget-text-editor\" data-id=\"73e93945\" data-element_type=\"widget\" data-e-type=\"widget\" data-widget_type=\"text-editor.default\">\n\t\t\t\t<div class=\"elementor-widget-container\">\n\t\t\t\t\t\t\t\t\t<p style=\"text-align: justify;\"><span lang=\"ES\" style=\"font-family: Tahoma, Arial, Helvetica, sans-serif; color: #000000;\">Somos una Instituci\u00f3n educativa triling\u00fce (ingl\u00e9s-franc\u00e9s-espa\u00f1ol) con altos \u00edndices de calidad, ubicada dentro de los mejores planteles educativos del pa\u00eds de acuerdo con el ISCE (\u00cdndice Sint\u00e9tico de Calidad Educativa) y en el Nivel MUY SUPERIOR (A+) del ICFES, reconocida por el Ministerio de Educaci\u00f3n Nacional con carta de felicitaci\u00f3n por los logros alcanzados y exaltada por diferentes instituciones de Educaci\u00f3n Superior como las Universidades Nacional, Javeriana, Rosario, Andes, Sabana, por el alto desempe\u00f1o de nuestros (as) j\u00f3venes, esta \u00faltima en donde nuestros estudiantes fueron galardonados con Beca a la Excelencia como ganadores a nivel nacional. <\/span><\/p><p style=\"text-align: justify;\"><span lang=\"ES\" style=\"font-family: Tahoma, Arial, Helvetica, sans-serif; color: #000000;\">Somos una comunidad con el compromiso del desarrollo humano y profesional de manera continua y eficaz, y con la suficiente energ\u00eda y determinaci\u00f3n para aceptar cambio a fin de ofrecer una mejor experiencia de aprendizaje a nuestros estudiantes, maestros y padres de familia. <\/span><\/p><p style=\"text-align: justify;\"><span lang=\"ES\" style=\"font-family: Tahoma, Arial, Helvetica, sans-serif; color: #000000;\">Guardando la estructura de los viejos castillos en donde\u00a0 el enigma y la fantas\u00eda asechan cada rinc\u00f3n y la mirada de duendes y hadas no se alejan, cada nivel tiene su propia sede, las que conforman un solo cuerpo y una sola Instituci\u00f3n, pero, que al mismo tiempo brindan la independencia a los ni\u00f1os, ni\u00f1as y j\u00f3venes de acuerdo con su edad y grado de escolaridad. <\/span><\/p><p style=\"text-align: justify;\"><span lang=\"ES\" style=\"font-family: Tahoma, Arial, Helvetica, sans-serif; color: #000000;\">A m\u00e1s de los castillos, se han ido incorporando poco a poco y de una manera intencionada, otros espacios que invitan a aprender y a ser felices, pues finalmente al colegio se viene a socializar, a ser justos y felices. <\/span><\/p><p style=\"text-align: justify;\"><span lang=\"ES\" style=\"font-family: Tahoma, Arial, Helvetica, sans-serif; color: #000000;\">As\u00ed podemos dar una mirada a nuestro sitio de asambleas en donde se re\u00fane la comunidad a desarrollar actividades de esparcimiento y formaci\u00f3n, un espacio que invita a la participaci\u00f3n en un ambiente absolutamente campestre.<\/span><\/p><p style=\"text-align: justify;\"><span style=\"font-family: Tahoma, Arial, Helvetica, sans-serif; color: #000000;\"><span lang=\"ES\">Un restaurante con una completa dotaci\u00f3n industrial en donde se ofrece un men\u00fa agradable bajo est\u00e1ndares de calidad y confiabilidad.\u00a0 <\/span><span lang=\"ES\">Igualmente, se han sumado unas modernas instalaciones para el bachillerato, con una mirada \u00e1gil, amplia, confortable y que ubica a los(as) j\u00f3venes en un ambiente semejante a lo que pronto los(as)\u00a0 espera, la universidad.<\/span><\/span><\/p><p style=\"text-align: justify;\"><span lang=\"ES\" style=\"font-family: Tahoma, Arial, Helvetica, sans-serif; color: #000000;\">En esta forma queremos que el paso de nuestros ni\u00f1os, ni\u00f1as y j\u00f3venes por el colegio sea un momento de grata recordaci\u00f3n, de inmejorables experiencias y de grandes expectativas; siempre recordando con gratitud los f\u00e9rreos muros, que a m\u00e1s de la estructura de cemento que los forman, llevan inmersos los nobles ideales de su fundadora y de cada uno de los maestros(as) que seguir\u00e1n formando las generaciones que aqu\u00ed se educan.<\/span><\/p>\t\t\t\t\t\t\t\t<\/div>\n\t\t\t\t<\/div>\n\t\t\t\t\t<\/div>\n\t\t<\/div>\n\t\t\t\t\t<\/div>\n\t\t<\/section>\n\t\t\t\t<\/div>\n\t\t","protected":false},"excerpt":{"rendered":"<p>QUI\u00c9NES SOMOS Somos una Instituci\u00f3n educativa triling\u00fce (ingl\u00e9s-franc\u00e9s-espa\u00f1ol) con altos \u00edndices de calidad, ubicada dentro de los mejores planteles educativos del pa\u00eds de acuerdo con el ISCE (\u00cdndice Sint\u00e9tico de Calidad Educativa) y en el Nivel MUY SUPERIOR (A+) del ICFES, reconocida por el Ministerio de Educaci\u00f3n Nacional con carta de felicitaci\u00f3n por los logros<a class=\"more-link\" href=\"https:\/\/summerhillschool.edu.co\/index.php\/quienes-somos\/\">Continue reading <span class=\"screen-reader-text\">Qui\u00e9nes Somos<\/span> <span class=\"meta-nav\" aria-hidden=\"true\">&rarr;<\/span><\/a><\/p>\n","protected":false},"author":5,"featured_media":3879,"parent":0,"menu_order":0,"comment_status":"closed","ping_status":"closed","template":"elementor_header_footer","meta":{"footnotes":""},"class_list":["post-2580","page","type-page","status-publish","has-post-thumbnail","hentry"],"_links":{"self":[{"href":"https:\/\/summerhillschool.edu.co\/index.php\/wp-json\/wp\/v2\/pages\/2580","targetHints":{"allow":["GET"]}}],"collection":[{"href":"https:\/\/summerhillschool.edu.co\/index.php\/wp-json\/wp\/v2\/pages"}],"about":[{"href":"https:\/\/summerhillschool.edu.co\/index.php\/wp-json\/wp\/v2\/types\/page"}],"author":[{"embeddable":true,"href":"https:\/\/summerhillschool.edu.co\/index.php\/wp-json\/wp\/v2\/users\/5"}],"replies":[{"embeddable":true,"href":"https:\/\/summerhillschool.edu.co\/index.php\/wp-json\/wp\/v2\/comments?post=2580"}],"version-history":[{"count":0,"href":"https:\/\/summerhillschool.edu.co\/index.php\/wp-json\/wp\/v2\/pages\/2580\/revisions"}],"wp:featuredmedia":[{"embeddable":true,"href":"https:\/\/summerhillschool.edu.co\/index.php\/wp-json\/wp\/v2\/media\/3879"}],"wp:attachment":[{"href":"https:\/\/summerhillschool.edu.co\/index.php\/wp-json\/wp\/v2\/media?parent=2580"}],"curies":[{"name":"wp","href":"https:\/\/api.w.org\/{rel}","templated":true}]}}